17. Let g(p) = 4*p**2 - 4*p**2 + 8*p**2. Calculate the remainder when g(2) is divided by m(7).
15
Let u(z) = z**3 - 2*z**2 + 2*z - 1. Let a be u(2). Suppose 0 = -13*s + 8*s - 50. Calculate the remainder when s/15 - (-35)/a is divided by 4.
3
Suppose -5*y - 3*d = -809, -3*y = -d + 131 - 608. What is the remainder when y is divided by 27?
25
Suppose 2*m + 2*m - 512 = -3*d, 384 = 3*m - 5*d. What is the remainder when m is divided by 26?
24
Let l(i) = i**2 + 7*i - 5. Let s be l(-8). Let o(a) = 13*a - 1. Calculate the remainder when o(s) is divided by 10.
8
Suppose 0*k + 30 = -5*k. Let j(f) = 1 + 1 - f**2 - 6*f - f. Calculate the remainder when j(k) is divided by 5.
3
Suppose 2*g + 3*g = 10. Suppose i - 5 = 0, g*w - 3*i = -8*i + 17. What is the remainder when 31 is divided by (-316)/(-28) + w/14?
9
Suppose 4*l - 6*l = -54. Calculate the remainder when 107 is divided by l.
26
Let m = -3 - -1. Suppose 3*a = 4 + 14. Let r = m + a. Calculate the remainder when 10 is divided by r.
2
Let j(p) = 3*p**3 + 3 + 5*p - 2*p + 0*p**2 - 4*p**2 - 2*p**3. What is the remainder when 5 is divided by j(3)?
2
Suppose -2*j - 3*a + 15 = -77, 0 = 5*j - 4*a - 207. Suppose 2*g - 60 = -2*g. What is the remainder when j is divided by g?
13
Let o = -14 + 24. Calculate the remainder when 38 is divided by o.
8
Suppose 4*m = -p + 10, 4*p - 112 = -0*p + 2*m. What is the remainder when p is divided by (-2 - (-34)/(-4))*(-4)/3?
12
Let h(t) = 26*t + 16. Let i(a) = 5*a + 3. Let f(o) = 3*h(o) - 16*i(o). What is the remainder when 11 is divided by f(-3)?
5
Let m = -35 + 117. Calculate the remainder when m is divided by 12.
10
Suppose -s = -3*v + 27, -2*v = 3*v + 5*s - 65. Calculate the remainder when 49 is divided by v.
9
Let r = 3 + 7. Let u(b) = b**2 + 12*b + 11. Calculate the remainder when u(-14) is divided by r.
9
Let k(r) = -r + 6. Let d be k(9). Let z(s) = -2*s - 1. What is the remainder when 13 is divided by z(d)?
3
Let o = -6 - -10. Suppose -o*v = -4*i - 72, 4*v - i - 84 = -0*i. Calculate the remainder when 42 is divided by v.
20
Let p = -18 - -46. Suppose 27 = 3*f + 5*b, -4*f - 5*b + p = -b. Let m = 12 - 7. Calculate the remainder when m is divided by f.
1
Let z = 1 + 3. Let o = -2 + z. Suppose -a + o*n + 46 = 0, -4*n - 142 = 2*a - 5*a. Calculate the remainder when a is divided by 13.
11
Suppose 0 = -7*f + 2*f + 90. Let m = -10 + f. Calculate the remainder when 22 is divided by m.
6
Let h = -15 + -6. Let q = 50 + h. What is the remainder when q is divided by 8?
5
Let r be 0*(6/(-4) + 2). Suppose r = 5*n - 9 - 6. Suppose -23 = -3*i + 1. What is the remainder when i is divided by n?
2
What is the remainder when 5 is divided by -1 + 1/((-2)/(-6))?
1
What is the remainder when 16 is divided by 8976/918 + -3*4/(-54)?
6
Let q(f) = 27*f + 1. Suppose 0*j = -3*j - 6. Let d be (4/j)/(0 + -2). What is the remainder when q(d) is divided by 10?
8
Let y(k) = 4*k + 23. What is the remainder when y(17) is divided by 31?
29
Let z(j) = 3*j - 4. Let t(w) = -3*w - 3 + 0 + 4 + w + w**2. Calculate the remainder when t(4) is divided by z(3).
4
Let f(c) = c**3 + c**2 + c + 4. Let t(u) = u**3 + 6*u**2 - 9*u - 9. Let y be t(-7). Suppose 0 = -y*m + 15 - 5. What is the remainder when f(0) is divided by m?
0
Suppose -q + 4*d = -1, -3*d = -2*q - 2*q + 43. Suppose -29*k = -28*k - 23. Calculate the remainder when k is divided by q.
10
Let p be (-2)/9 - (-681)/27. Suppose -3 = a, 3*o - p = 2*o + 4*a. Calculate the remainder when 38 is divided by o.
12
Let l = 104 - 16. Let t = l - 48. What is the remainder when t is divided by 14?
12
Let s = 112 + -53. What is the remainder when s is divided by 15?
14
Let h(o) = -o + 10. Let n be h(6). Suppose n*q = -5*x - 6, x - 2*x - 18 = 5*q. Suppose 6 = -x*v + 30. Calculate the remainder when 22 is divided by v.
10
Suppose 5*j + 6 = -3*s, 5*s + 4 = -4*j + 3*s. Suppose j*d = -5*d, -4*x + 20 = -d. What is the remainder when 14 is divided by x?
4
Let b be (-4 - -6)*(19 + 0). Let d = b + -18. What is the remainder when 58 is divided by d?
18
Let q = 73 - 53. What is the remainder when 137 is divided by q?
17
Let x = -5 - -1. Let j be 1 - 2 - x/1. Suppose -j*h - 3*o = -48 - 87, 0 = -5*h + 5*o + 245. Calculate the remainder when h is divided by 16.
15
Let u be 7/((0 + -2)/(-2)). Let g be (2 + u - 1) + -2. Suppose 0 = -q - 4 + g. What is the remainder when 3 is divided by q?
1
Let m(u) = -u**2 - u. Let r be m(2). Let c(g) = g + 5. Let d be c(r). Calculate the remainder when d + 20 - 18/(-6) is divided by 12.
10
Let z = -73 + 78. What is the remainder when z is divided by 2?
1
Let z(l) = -l. Let y(a) = a - 2. Let q(j) = -y(j) - 6*z(j). What is the remainder when 46 is divided by q(2)?
10
Let u(w) = -2*w. What is the remainder when 85 is divided by u(-11)?
19
Let y = 3 + -2. Let d be (94/6)/(y/3). Calculate the remainder when 13 is divided by (-8)/36 + d/9.
3
Suppose -2*o - 108 = -2*j - o, 5*o + 162 = 3*j. What is the remainder when j is divided by 11?
10
Let a be (-11 - -7)*7/(-4). Suppose a*i = 3*i + 168. Calculate the remainder when i is divided by 11.
9
What is the remainder when 35 is divided by -5*((-30)/(-45) - 28/15)?
5
Suppose 2*q + 5*o - 42 = 0, 4*q - 84 = -0*q - 3*o. Suppose 4*a + 226 = 4*j - j, 5*a = -4*j + 353. What is the remainder when j is divided by q?
19
Let n(g) = 8*g - 3. Let k be n(1). Suppose -6*z + z = k*b - 370, 5*z = -b + 350. What is the remainder when z is divided by 18?
15
Suppose -2*g - 2*g + 8 = 0. Calculate the remainder when 42 is divided by (g/(-3))/((-10)/330).
20
Suppose -131 = -4*m - 27. Suppose 0*u = 2*u - 40. Let i = u - 11. What is the remainder when m is divided by i?
8
Let c be ((-9)/6)/((-1)/2). Let t = 64 + -50. What is the remainder when ((-4)/c)/(4/(-78)) is divided by t?
12
Let p(x) = -x**3 - 25*x**2 + 27*x + 37. Calculate the remainder when 40 is divided by p(-26).
7
Let c(s) = s**2 + 1. Let y = -10 + 24. Let r = 27 - y. Calculate the remainder when c(-6) is divided by r.
11
Let g = 6 - -8. Calculate the remainder when 53 is divided by g.
11
Calculate the remainder when 141 is divided by (2 + 16 + 4)*5/10.
9
Suppose -21 = -f - f + 3*l, f - 4*l = 18. What is the remainder when 10 is divided by f?
4
Suppose 0 = -5*a + 2*m + 220, 3*a - 204 = -a - 4*m. Calculate the remainder when a is divided by 24.
22
Let n = -4 + 7. Let t = n - 1. What is the remainder when 29 is divided by (15/2)/(1/t)?
14
Suppose 0 = -l - 3*l + 32. Calculate the remainder when 28 is divided by l.
4
Let d(z) = -z**2 + 3*z - 2. Let m be d(2). Suppose -q = -5*g + 20, 4*g - 3*q + 0*q - 27 = m. What is the remainder when 4 is divided by g?
1
Suppose -c + 2*c + 2*l - 20 = 0, -4*c + 4*l + 68 = 0. What is the remainder when (6/2 + 1 - 3) + 34 is divided by c?
17
Suppose 2*j - 5*j + 9 = 0. What is the remainder when j is divided by 1?
0
Calculate the remainder when 10*(-3)/((-30)/16) is divided by 6.
4
Calculate the remainder when 4886/42 - 5/(-3) is divided by 17.
16
Suppose 0 = -4*u + 35 - 11. Let o = -3 + u. Let g(q) = 4*q. What is the remainder when g(o) is divided by 7?
5
Let t(c) = 6*c**2 + c**3 - 3*c - 2 + 0*c**2 + 0*c**2. Calculate the remainder when (-5)/((1/5)/(18/(-15))) is divided by t(-6).
14
Suppose -2*u = -4*r - 48, u + 153 = 6*u + r. Calculate the remainder when u is divided by 11.
8
What is the remainder when ((-30)/(-20))/(6/256) is divided by 24?
16
Let l be (-2 - 1)*(-2)/3. Suppose -j = -4 + l. Calculate the remainder when 5 is divided by j.
1
Let y(w) = -50*w**3 + 1 + 3 - w**2 - 4. What is the remainder when y(-1) is divided by 17?
15
Let w be 7/7*18/2. Let m(c) = 3*c - 8. Let y = -60 + 115. Calculate the remainder when y is divided by m(w).
17
Let x = 47 + 0. Suppose -19 = -4*k - 2*i + 5, 0 = -4*k + 4*i + 12. Suppose 0 = -3*s + k*s - 24. Calculate the remainder when x is divided by s.
11
Suppose -5*s - 3 - 2 = 0, 3*q - 35 = 2*s. What is the remainder when 17 is divided by q?
6
Calculate the remainder when 93 is divided by 4 + (-1)/(1/(-12)).
13
Suppose 4*t - 10 = -t. Suppose -t*n + 1 + 7 = 0. Suppose -a + 23 = n. What is the remainder when 37 is divided by a?
18
Let o(p) = p**3 - 10*p**2 + 3*p. Let l(d) = 6*d**3 + 2*d**2 - 2*d + 1. Let r be l(1). Let f be o(r). What is the remainder when f/(-15) - 2/5 is divided by 3?
2
Suppose -5*h - 2*l + 460 = 3*